 the greatest common divisor of 47321 and 553.
79
What is the highest common factor of 146 and 272582?
146
What is the greatest common factor of 163268 and 1904?
476
What is the highest common factor of 239 and 1852967?
239
Calculate the highest common divisor of 210 and 2484750.
30
What is the highest common divisor of 64059 and 3144?
393
What is the highest common factor of 30 and 30062?
2
What is the highest common divisor of 55 and 1628?
11
What is the greatest common factor of 3072 and 102?
6
What is the highest common divisor of 3612 and 264?
12
Calculate the greatest common factor of 3103 and 15836.
107
What is the highest common divisor of 3099492 and 1188?
1188
Calculate the greatest common factor of 28 and 188276.
4
Calculate the highest common divisor of 255 and 4420.
85
What is the highest common factor of 2247 and 119?
7
What is the highest common factor of 9007 and 3?
1
What is the greatest common divisor of 6780 and 1620?
60
What is the highest common factor of 265 and 937305?
265
Calculate the highest common factor of 46000 and 368.
368
Calculate the highest common factor of 16160 and 6868.
404
Calculate the greatest common factor of 260 and 282295.
65
What is the highest common divisor of 10780 and 60?
20
Calculate the highest common factor of 216 and 1366488.
72
Calculate the greatest common divisor of 16140 and 10.
10
What is the greatest common divisor of 6110242 and 1972?
986
What is the greatest common divisor of 564849 and 72?
9
Calculate the greatest common divisor of 7413 and 1050.
21
What is the highest common factor of 1746 and 525?
3
Calculate the highest common factor of 266 and 10887.
19
What is the greatest common factor of 14420 and 11690?
70
What is the highest common factor of 9906 and 4826?
254
What is the greatest common factor of 24360 and 21576?
696
Calculate the highest common divisor of 2 and 2244118.
2
What is the greatest common factor of 1462 and 84881?
17
Calculate the greatest common divisor of 1772 and 108.
4
What is the highest common divisor of 481 and 355459?
481
What is the highest common factor of 43953 and 1610?
161
What is the highest common factor of 1258 and 24752?
34
What is the highest common divisor of 82 and 3866833?
41
Calculate the greatest common divisor of 144047 and 12735.
283
What is the highest common factor of 208 and 38974?
26
Calculate the greatest common divisor of 2909184 and 256.
256
What is the highest common factor of 15542 and 3681?
409
Calculate the greatest common factor of 492 and 3972.
12
What is the highest common factor of 169 and 6383?
13
Calculate the highest common divisor of 537 and 496009.
179
What is the greatest common factor of 5392 and 552?
8
What is the highest common factor of 218 and 15151?
109
Calculate the highest common factor of 13409 and 506.
253
What is the greatest common factor of 2614 and 4?
2
What is the greatest common factor of 3638 and 68?
34
What is the greatest common factor of 50457 and 25437?
417
Calculate the greatest common divisor of 64260 and 35.
35
What is the highest common factor of 248 and 2032112?
248
Calculate the highest common factor of 12 and 2900.
4
What is the highest common factor of 3198 and 559?
13
Calculate the highest common divisor of 76 and 8364.
4
What is the highest common factor of 5624 and 2660?
76
What is the highest common factor of 321840 and 96?
48
What is the greatest common divisor of 280 and 31100?
20
What is the greatest common factor of 813 and 1626000?
813
What is the greatest common divisor of 12 and 507216?
12
What is the highest common divisor of 161811 and 81?
27
What is the highest common factor of 800 and 8720?
80
Calculate the highest common factor of 2295 and 510.
255
What is the highest common divisor of 2848311 and 2511?
837
Calculate the highest common factor of 65824 and 6732.
748
Calculate the greatest common factor of 36 and 9708.
12
Calculate the highest common factor of 1468743 and 123.
123
Calculate the highest common factor of 894 and 76288.
298
Calculate the greatest common factor of 137781 and 405.
81
Calculate the greatest common divisor of 27 and 336339.
27
Calculate the highest common factor of 103121 and 505.
101
Calculate the highest common divisor of 4212 and 8736.
156
Calculate the greatest common divisor of 54108 and 6.
6
Calculate the greatest common divisor of 318054 and 79.
79
Calculate the greatest common factor of 16065 and 357.
357
What is the highest common divisor of 27 and 11133153?
27
Calculate the highest common divisor of 5310 and 12862.
118
What is the greatest common factor of 630 and 9630?
90
What is the greatest common factor of 8360 and 720005?
1045
What is the greatest common factor of 125440 and 55370?
490
What is the highest common divisor of 76 and 109706?
38
What is the highest common divisor of 910 and 5110?
70
What is the highest common factor of 65 and 18317?
13
Calculate the highest common factor of 118 and 145671.
59
Calculate the highest common divisor of 95937 and 3962.
283
Calculate the greatest common divisor of 4 and 21478.
2
Calculate the highest common divisor of 5577 and 165.
33
What is the highest common divisor of 11657 and 1?
1
Calculate the greatest common divisor of 8959 and 23409.
289
Calculate the highest common divisor of 255580 and 520.
260
Calculate the greatest common divisor of 10994 and 8604.
478
Calculate the greatest common factor of 221892 and 861.
123
Calculate the greatest common divisor of 2004 and 96.
12
What is the highest common factor of 25 and 53525?
25
What is the highest common divisor of 2585412 and 5328?
1332
What is the greatest common factor of 26364 and 84?
12
What is the highest common divisor of 2365 and 3410?
55
Calculate the greatest common factor of 4636 and 976.
244
What is the highest common divisor of 54 and 747819?
27
What is the greatest common divisor of 146334 and 110171?
841
What is the highest common factor of 3245231 and 202?
101
What is the highest common factor of 2274120 and 12?
12
What is the greatest common factor of 226980 and 2925?
585
Calculate the highest common factor of 3192 and 1526042.
266
Calculate the greatest common factor of 23 and 226711.
23
What is the highest common factor of 591 and 1020?
3
Calculate the highest common factor of 8 and 181576.
8
What is the greatest common factor of 32 and 178752?
32
Calculate the highest common factor of 819 and 325871.
91
What is the greatest common factor of 817652 and 88?
44
Calculate the highest common divisor of 2088 and 435.
87
What is the highest common divisor of 450 and 39550?
50
Calculate the greatest common factor of 148047 and 6.
3
What is the highest common factor of 7 and 37457?
7
What is the highest common divisor of 60 and 264225?
15
Calculate the highest common divisor of 10634 and 26.
26
Calculate the greatest common factor of 214545 and 30.
15
What is the highest common factor of 104 and 19422?
26
Calculate the greatest common factor of 256 and 2512.
16
Calculate the greatest common divisor of 46762 and 1362.
454
Calculate the highest common divisor of 313974 and 54.
18
Calculate the highest common factor of 1300 and 220.
20
What is the highest common factor of 4287 and 48?
3
Calculate the highest common factor of 166140 and 364.
52
Calculate the greatest common factor of 947210 and 7630.
1090
What is the greatest common divisor of 1204 and 3388?
28
What is the greatest common divisor of 1 and 1401?
1
Calculate the highest common divisor of 4584539 and 467.
467
Calculate the greatest common factor of 2141898 and 3036.
1518
Calculate the greatest common divisor of 203 and 1910839.
203
What is the greatest common factor of 165 and 20559?
33
What is the highest common divisor of 2162 and 19270?
94
What is the greatest common divisor of 15 and 15745?
5
Calculate the greatest common divisor of 24 and 201660.
12
Calculate the greatest common factor of 1076 and 14.
2
Calculate the highest common factor of 4393 and 120521.
191
What is the highest common factor of 6119 and 2755?
29
Calculate the highest common factor of 295070 and 950.
190
What is the highest common factor of 180 and 378342?
18
Calculate the greatest common factor of 158712 and 816.
408
Calculate the greatest common divisor of 3534 and 48.
6
Calculate the gr